 the units digit of s?
5
Let k(d) = -118*d**3 + 3*d**2 - d + 8. Let b(j) = -354*j**3 + 8*j**2 - 4*j + 23. Let r(q) = -3*b(q) + 8*k(q). What is the tens digit of r(1)?
1
Let f(v) = v**3 - v**2 + 1. Let s(k) = k**2 - 6*k + 5. Let p be s(6). Let c = p - 2. What is the tens digit of f(c)?
1
Let w be (-1 + 1)/((-3)/(-3)). Let z = 59 - 56. Suppose w = 3*v - v + z*m - 46, 0 = v - 5*m - 23. What is the tens digit of v?
2
Suppose -4*a - 217 = 5*l, -2*l = -4*l + 2*a - 76. Let q = 50 - l. What is the units digit of q?
1
Suppose m + 4*m = 0. Let o(a) = 2*a**2 - 12*a - 40. Let l be o(-5). Suppose -5*z - 20 = m, -l = t - 2*t + 4*z. What is the tens digit of t?
5
Let a = 361 - 200. Suppose a + 2007 = 8*q. What is the units digit of q?
1
Suppose 33*u - 3600 = 28*u. What is the tens digit of u?
2
Let b(u) = 36*u - 20. Let x = -49 - -55. What is the tens digit of b(x)?
9
Let o = 39 + -37. Suppose -684 = -o*b - 2*b. What is the tens digit of b?
7
Let k = -636 + 663. What is the tens digit of k?
2
Suppose -p - 4*h = -3*p + 396, 0 = p + 3*h - 208. What is the hundreds digit of p?
2
Let h = -1700 + 3666. What is the units digit of h?
6
Suppose -f + 18 - 80 = 3*w, -4*w - 57 = f. Let n = f - -392. What is the tens digit of n?
1
Suppose -829 = -b + o, -2*b + 4163 = 3*b + o. What is the hundreds digit of b?
8
Let b(l) = 2*l**2 - 9*l. Suppose -8 = -k + 2*h - 4*h, k - 1 = 5*h. Let f be b(k). Suppose -f + 2 = -4*r. What is the units digit of r?
4
Let x(t) = t**3 - 36*t - 1. Let o be x(-6). What is the hundreds digit of 171/(-6)*o*(-70)/(-15)?
1
Suppose 2*a - q = 3288, -2*a = 2*q + q - 3296. What is the tens digit of a?
4
Suppose 6*v - 338 - 1300 = 0. What is the tens digit of v?
7
Suppose -m = 4*v - 1091, 3*m - 363 + 93 = -v. Suppose 3*j = -0*j + v. What is the tens digit of j?
9
Let q(x) = -x**3 - 8*x**2 - 16*x + 10. Let s be q(-7). Let t = s - 223. Let a = t - -217. What is the units digit of a?
7
Let y(r) = -r**3 - 5*r**2 - 4*r + 5. Let f be y(-4). What is the units digit of 251/f - (-17)/(-85)?
0
Let v(q) = q. Let t be v(2). Suppose -5*c = -4*a + 1, -3*c + t*c = -3*a - 2. What is the units digit of (-10)/a - (-20)/10?
2
Let h be (-2)/5 + (-17)/(-5) - -368. Let a = h - 189. What is the tens digit of a?
8
What is the units digit of ((-255)/3)/(-5) - 4 - -2?
5
Suppose 5*r - 2*f + 10 = -3*f, -2*r - 4*f + 14 = 0. Suppose 0 = -49*d + 44*d + 35. What is the tens digit of (r + d)*(-26)/(-8)?
1
What is the units digit of (-3)/(-28)*8*315?
0
Let h(p) = p**3 + p**2 + 8. Let i(b) = b + 5. Let y be i(-5). What is the units digit of h(y)?
8
Let n = 1 + 2. Let r(j) = -54*j + 12. Let b(k) = -18*k + 4. Let o(a) = -7*b(a) + 2*r(a). What is the units digit of o(n)?
0
Suppose -2*b + 3*d + 6 = 0, 5*b + 3*d + d - 15 = 0. Suppose -2*r = -r - 3*c - 46, -2*c = -2*r + 84. Suppose -b*j = -95 - r. What is the units digit of j?
5
Let q = 38 - 26. Suppose 2*k + 2*k + q = 0. What is the tens digit of k + -3*(-32)/3?
2
Suppose -44 = -95*f + 93*f. Suppose -5*k + f*k = 3383. What is the units digit of k?
9
Let g(r) = r**2 - 6*r - 13. Let c(k) = -k + 18. Let s be c(8). What is the units digit of g(s)?
7
Let w = 64 + -20. What is the tens digit of w?
4
What is the units digit of -2 + 28/13 - 2988/(-13)?
0
Suppose 3*b + 2*h - 1311 = 0, 0 = 4*b - h - 41 - 1696. What is the tens digit of b?
3
Suppose t + 0*t - 80 = 0. Suppose 5*c = -5 + t. What is the tens digit of c?
1
Let a(w) = w**3 - 15*w**2 - 21. What is the hundreds digit of a(16)?
2
Suppose k - 1291 = -10*p + 9*p, -9 = 3*k. What is the thousands digit of p?
1
Let x(f) = -f - 4. Let b be x(-9). Suppose -j = -n + 6, -n + b*n = 12. Let q = 4 - j. What is the units digit of q?
7
Suppose 10 = 4*o - 2*l, -2*o + 3*o + 4*l - 7 = 0. Suppose o*t + 2*t = 20. Suppose 0 = -t*x - x + 300. What is the tens digit of x?
6
Let o = 57 + -40. Suppose o = 4*t - 75. What is the tens digit of t?
2
What is the hundreds digit of -394*3/24*-4?
1
Let a be (2 + 78/3)/1. Suppose -92 = -2*n + 4*o, -n + 3*o - 7*o = -a. What is the tens digit of n?
4
Suppose 0 = -14*q + 49105 - 5117. What is the thousands digit of q?
3
Let m = 60 + -56. Suppose 0*t = -4*t - 5*k + 570, -m*k - 272 = -2*t. What is the hundreds digit of t?
1
Let i = -823 - -1406. What is the hundreds digit of i?
5
Suppose 21 = -0*d + d. Suppose 5*a - 186 + d = 0. Suppose 3*i - a = -0*i. What is the tens digit of i?
1
Let f(j) = j**3 + 15*j**2 - 15*j + 11. Let n(p) = p**2 - 1. Let x(h) = 2*h + 7. Let i be x(-3). Let q(v) = i*f(v) - 3*n(v). What is the tens digit of q(-13)?
4
Let q(g) = -4*g**3 + 3*g**2 - 12*g - 26. What is the units digit of q(-8)?
0
Let s(x) = x**2 + x - 1. Let f(t) = -t**2 + 5*t - 2. Let c be f(2). Let n be (1 - c) + 7 + -3. What is the units digit of s(n)?
1
Let x(k) = -k**3 + 13*k**2 + 14*k + 9. Let y be x(14). Let b = y + -6. Suppose 3*s + 3*m - 66 = 0, 67 = 3*s + m + b*m. What is the tens digit of s?
2
Let u = 23 - 322. Let w = -176 - u. What is the units digit of w?
3
Let b be (-3)/(-2)*(3 - 1). Suppose 3*k - b*t - 7 = -2*t, 0 = k - t - 1. Suppose 0 = 4*d - k*h - 133, 0 = d + d + 3*h - 53. What is the units digit of d?
1
Suppose -18 = -5*x + 7. Suppose -4*j - 6*w + w = 4, 28 = x*j - 2*w. What is the units digit of (6/j)/(45/1380)?
6
Suppose 3*d = 341 - 44. Suppose u - d = 19. What is the units digit of u?
8
Let v = -4272 - -6976. What is the units digit of v?
4
Suppose -8*s + 9129 + 55 = 0. What is the units digit of s?
8
Let i = -3 - -8. Suppose -i*r + r - 24 = 0. What is the units digit of 11*r/(-4)*2?
3
Suppose 0 = -a - 5*l - 22, -a = -3*l + l + 1. Let n(p) = -34*p + 6. Let k be n(1). Let z = a - k. What is the tens digit of z?
2
Suppose 0*i - 20 = -4*i. Suppose 0 = 3*s - i*k - 89, -k = 2*k - 15. What is the units digit of s?
8
Let q be 1/2*(-6 - -2). Let m be 7 + (-5 - (-5 - q)). Suppose b = m*b - 60. What is the units digit of b?
5
Suppose 11*d - 120419 = -48*d. What is the thousands digit of d?
2
Suppose -3385 - 1735 = -10*h. What is the tens digit of h?
1
What is the units digit of ((-2 - 2)/(-2))/3*639?
6
Suppose -5*y = z - 127, -3*z = 5*y - 124 - 297. Let b = z + -102. Let s = 68 - b. What is the tens digit of s?
2
Let y(u) = 2*u**3 - u**2 - u + 1. Let i be y(-1). What is the tens digit of -3 - 1/i - (-76 - 2)?
7
Let r = -4 + 7. Suppose -3*w + 65 = r*x + 17, -4*w - x + 52 = 0. Let f = -11 + w. What is the units digit of f?
1
Suppose -21 = -5*u - 301. Suppose 0*x - 5*x - 208 = -2*s, -4*x + 3*s = 165. What is the units digit of 81/4 + x/u?
1
Let k = -495 - -741. What is the hundreds digit of k?
2
Let d be 2 + (-20)/(-5) + -6. Suppose -5*h + 5*r + 250 = d, 0 = 3*h - 4*h + 5*r + 54. What is the units digit of h?
9
Suppose -16862 = -55*s + 31868. What is the units digit of s?
6
Let i = 14 + -43. Let w = i - -33. Suppose -w*k + 48 = -0*k. What is the units digit of k?
2
Suppose 8 + 0 = 4*l. Let u = 58 - 51. Suppose u*c + l - 93 = 0. What is the units digit of c?
3
Let s(q) = 2*q + 16*q**2 - 33*q**2 - 5*q**3 + 15*q**2 + 2. What is the tens digit of s(-2)?
3
Suppose 7*s = 2*s. Suppose 4*f - 2*z - 96 = -s*z, -4*z = 3*f - 50. What is the tens digit of (1 - f/(-4))*2?
1
Let s = -32 + 37. Suppose -k + 0*k + 2*c = -11, -s*k = -c - 100. What is the units digit of k?
1
Let q(k) = k - 5. Let z be q(7). Let u be ((-8)/(-12))/(z/9). Suppose -u*y = 3*v - 114, 3*v = 2*y + 84 + 30. What is the tens digit of v?
3
Let v = -204 + 223. Let r(g) = g**2 - 5*g + 4. Let y be r(6). Suppose v + y = d. What is the units digit of d?
9
Suppose 0*c = 2*c + 42. What is the units digit of 97 + c/(-3) + 4*1?
8
Let a = 18 + -11. Let q = 409 + -405. Suppose 138 = a*u - q*u - 3*o, 2*o - 258 = -5*u. What is the units digit of u?
0
Let u = 1200 + -315. Suppose u = 5*a + 5*q, 3*q = -5*a + q + 885. What is the units digit of a?
7
Let i(b) = 5*b**3 - b - 1. Suppose -5*l + 0*f = 2*f - 20, -2*f + 16 = 3*l. Let r be i(l). Let v = r - 22. What is the tens digit of v?
1
Let z(g) = g**3 - 15*g**2 + 16*g + 10. Let j be z(16). Suppose -15*b + j = -9*b. What is the units digit of b?
7
Suppose 5*o + 4*b + 3 = 21, 4*b = -o - 6. Suppose 0 = -5*y - 5*k + 265, 2*y - 5*k = o*y - 212. Suppose 5*z = -3 + y. What is the units digit of z?
0
Let o be (-6 - -82) + 0 - (0 + 2). Suppose 0 = h - o - 21. What is the tens digit of h?
9
Let f(v) = 9*v**